n = l - -26. Calculate the remainder when 19 is divided by n.
8
Suppose 0 = -9*a + 21*a - 14676. What is the remainder when a is divided by 51?
50
Let y be (-3)/(-3 + 12)*-6. Suppose 0*t - 5*t - i = 36, 8 = -2*t - y*i. Let k(x) = x**3 + 9*x**2 + 7*x + 7. What is the remainder when 27 is divided by k(t)?
12
Let k(n) = 35*n + 45. What is the remainder when k(2) is divided by 29?
28
Let p(x) = 38*x - 323. Calculate the remainder when 224 is divided by p(10).
53
Let n = 28 + -5. Let f be (11/5)/(10/100). Let s = f + 23. Calculate the remainder when s is divided by n.
22
Suppose -5*x - 4*j + 77 = 0, -j + 3 = -0*j. Suppose x + 2 = -s. Let d = s + 98. Calculate the remainder when d is divided by 21.
20
Suppose -8 = 5*a + 3*v + 17, 4*a = 5*v + 17. Let q = 13 - 13. Calculate the remainder when (-66)/a - (-2 - q) is divided by 18.
17
Let m(f) = 51*f**3 - 6*f**2 + 3*f + 4. Let q = -236 - -337. Calculate the remainder when q is divided by m(1).
49
Suppose -31*q + 3812 + 1520 = 0. What is the remainder when q is divided by 58?
56
Suppose 5*q - q = 24. Calculate the remainder when ((-374)/(-33))/((-4)/(-6)) is divided by q.
5
Let k = -55 - -395. Let u = 80 + k. Suppose -151 = -3*w - 5*d + 123, d - u = -5*w. What is the remainder when w is divided by 21?
20
Let n = -2 + 4. Let s = -122 - -173. Let x = 53 - s. Calculate the remainder when x is divided by n.
0
Let a be 4/(-10)*15/(-3). Let c = 113 + -84. Calculate the remainder when 86 + (-4 - -2)/a is divided by c.
27
Let k = -1910 - -2006. Calculate the remainder when 103 is divided by k.
7
Let w(y) = y**3 + 5*y**2 - 2*y - 1. Calculate the remainder when w(-4) is divided by (-13 - -1)/(-2) + (2 - 2).
5
Suppose 3*k + 2*k = 0, -3*k = 3*x - 1257. Calculate the remainder when x is divided by 25.
19
Let b(f) = -f - 48. Let y(l) = -l - 49. Let x(c) = 4*b(c) - 5*y(c). Suppose 0*d + 90 = 5*d. What is the remainder when x(0) is divided by d?
17
Suppose 2*j - 2 = -0, -2*j = -3*k + 52. Suppose 4*d + 0*c = -c - 6223, -3*c - 7770 = 5*d. Calculate the remainder when (-4)/k + d/(-81) is divided by 10.
9
Let v(z) = -z**3 - 2*z**2 - 10*z - 26. What is the remainder when 87 is divided by v(-4)?
41
Let p(o) = -998*o**3 + 1. Let y be p(-1). Suppose -5*k = -l - y, -2*l = -k - 6*l + 183. Calculate the remainder when k is divided by 40.
39
Let u = -1392 - -1441. Let o(n) = -5*n - 2. Calculate the remainder when u is divided by o(-4).
13
Suppose 8*q + 7*q = 855. Suppose -180 = -3*u + 2*d, -64 = -2*u + d + q. What is the remainder when u is divided by 26?
10
Suppose 9 = 3*a + 4*u - 100, 2*a + u - 66 = 0. Calculate the remainder when 214 is divided by a.
28
Let o = -101 + 209. What is the remainder when -2 + (o/30)/(2/10) is divided by 3?
1
Let t(q) be the third derivative of -q**4/12 + 61*q**3/6 + q**2. What is the remainder when t(0) is divided by 16?
13
Suppose 4*y + 12 = 0, -y - 209 = -0*x - 2*x. Calculate the remainder when x is divided by ((-90)/12 - -7)/(1075/360 - 3).
31
Let l = -13 - -32. Suppose h + 3*x - l = 0, -5*h + x - 5*x = -106. Calculate the remainder when 43 is divided by h.
21
Let p = 46 - -7. Let l = p - 24. Let w = 261 - 177. Calculate the remainder when w is divided by l.
26
Let f = 11 - 6. Let r = 82 - 79. What is the remainder when f is divided by r?
2
Let n(j) = j**2 + 3*j + 7. Let u = -327 - -390. Calculate the remainder when u is divided by n(-5).
12
Suppose -20 = 13*l - 18*l. What is the remainder when 17 is divided by l?
1
Calculate the remainder when 303 is divided by -5*(0 - 1) + 3.
7
Suppose 0*q - 36 = -4*q. Suppose -2*j + 0*j + n = 1, 4*n = 3*j + q. Suppose j + 3 = d + 3*k, d - 12 = 5*k. Calculate the remainder when 20 is divided by d.
6
Let i = 7 + -5. Suppose -2*c - 5*a = -35, -28 = -i*c - 0*c + 2*a. What is the remainder when 1*29 - (3 - 2) is divided by c?
13
Calculate the remainder when (-6)/(-33) - (-17690)/110 is divided by 56.
49
Suppose -251*h = -273*h + 440. Let a = 21 - 15. Let b(w) = -w**2 + 8*w - 1. Calculate the remainder when h is divided by b(a).
9
Let s = -90 + 196. Suppose x - 4 = -4*f, -x + 4*f + 2 = -18. What is the remainder when s is divided by x?
10
Let z(m) = -2*m**3 + 2*m**2 + 35. Calculate the remainder when z(0) is divided by 19.
16
Suppose -16 = -q + 3*q - 4*h, 2*h - 16 = 5*q. Suppose -5*n + b = -252, -6*n + 8*n - b = 102. Calculate the remainder when n is divided by (15 - q)/((-2)/(-2)).
16
Suppose -13 = 10*r - 73. Calculate the remainder when 39 is divided by r.
3
Let z = 114 - 36. Let q(b) = 8*b - 9 - 6 + 0 - 3*b. What is the remainder when z is divided by q(7)?
18
Let x = -477 - -485. Calculate the remainder when 29 is divided by x.
5
Let l(t) = 3*t**2 + 5*t + 6. Let w be l(-1). Calculate the remainder when 7 is divided by 2/w*((-3)/1 + 5).
0
Let q = 0 + 4. What is the remainder when 86 is divided by 290/q*(-8)/(-20)?
28
Suppose -3*g + 849 = -4*j + 2*j, 5*g = -5*j + 1415. What is the remainder when g is divided by 13?
10
Suppose 204 = 6*i + 6*i. What is the remainder when i is divided by 9?
8
Calculate the remainder when (108/30 + -4)*-95 is divided by 5.
3
Let w(h) = 5*h**3 - 11*h**2 + 11*h - 6. What is the remainder when w(3) is divided by 162/5 - 4/10?
31
Suppose 3*p + 3*s = 8*s, -4*s + 37 = 5*p. Suppose p*u + 10 = 30. What is the remainder when u is divided by 1?
0
Let t = -42 + 44. Suppose t*r = -4*r + 54. Calculate the remainder when 23 is divided by r.
5
Let j(v) = v**2 + 11*v + 7. Let f = 24 + -35. Calculate the remainder when (-1 - 0) + 24 + 2 is divided by j(f).
4
Let a(b) be the first derivative of b**4/4 + 2*b**3 - 5*b**2 - 9*b - 3. Let g = 21 + 5. What is the remainder when a(-6) is divided by g?
25
Let b(v) = v**3 - 3*v**2 - v + 3. Suppose 0 = 5*a - 25, -4*a - 160 = -5*i + 15. What is the remainder when i is divided by b(4)?
9
Suppose -4*x - 57 = -3*q, -3*q - 3*x = -5*x - 63. What is the remainder when 390 is divided by q?
22
Let b = -130 - -144. Calculate the remainder when 66 is divided by b.
10
Let l = 258 - 198. What is the remainder when 235 is divided by l?
55
Let g = 25 + -35. Let d be (24/g)/((-8)/(-60)). Let b = d + 23. Calculate the remainder when b is divided by 5.
0
Let z = 93 - 54. Let w(y) = -y + 18. Let j be w(-7). Suppose 5 + j = 3*x. What is the remainder when z is divided by x?
9
Suppose 6*y = 9*y - 162. What is the remainder when y is divided by 4?
2
Let h = -11 - -11. Suppose -2*f - 2*t + 2 = -2, t = 3*f - 10. Calculate the remainder when 2 + 9*(1 + h) is divided by f.
2
Suppose -152*l + 141*l + 715 = 0. What is the remainder when l is divided by 14?
9
Let n(m) = -m**3 - 17*m**2 + 12*m - 55. Calculate the remainder when 103 is divided by n(-18).
50
What is the remainder when 2 - 81/36 - 546/(-8) is divided by 27?
14
Calculate the remainder when 132/10*(-40)/(-1) is divided by 7.
3
Calculate the remainder when (-1 + (-32)/(-2))*(-140)/(-30) is divided by 18.
16
Suppose k + 2*f - 147 = -16, -3*k - 2*f = -413. What is the remainder when k is divided by 38?
27
Suppose -y = -2*t + 18, 2*y - 18 = 3*t - 5*t. Let h = t + -7. Suppose h*g + 18 = 4*g. Calculate the remainder when 26 is divided by g.
8
Let d = -73 - -150. Calculate the remainder when 150 is divided by d.
73
Calculate the remainder when (-9500)/(-60) + (-7)/3 is divided by 43.
27
Suppose -4*x = -5*z + 870, 4*z - 759 = -4*x - 99. What is the remainder when 318 is divided by z?
148
Suppose -2*b = 3*b - 20. Let h = 88 + -48. Let x = -38 + h. Calculate the remainder when b is divided by x.
0
Suppose 5*t + 4 = 9*t. Let y = 4 - t. Let j = 22 + y. What is the remainder when j is divided by 14?
11
Suppose 3*j + 780 = -2*j. Let q = j + 230. Suppose -q = -3*x + x. Calculate the remainder when x is divided by 13.
11
Let q(f) = 2*f**2 - 2*f + 3. Suppose 13*d - 6 = 11*d + 2*i, 6*i - 2 = -4*d. Calculate the remainder when q(2) is divided by d.
1
Let z(s) = 5*s**3 + 4*s**2 - 8*s - 7. Calculate the remainder when z(3) is divided by 48.
44
Let l(r) = r**2 - 6*r + 7. Let z be l(5). Suppose 4 = -h - 5*i, h + 4*h + 4*i - 1 = 0. What is the remainder when 42 is divided by z*(-45)/(-6)*h?
12
What is the remainder when 7 + (-4)/(0 + (-7)/14) is divided by 4?
3
Let h = 418 - 407. Calculate the remainder when 0 - 1 - -3 - -16 is divided by h.
7
Let l = -819 + 1509. What is the remainder when l is divid